4?
False
Let b be -3 + 2 - (-3 + 1). Let d(h) = 160*h - 160*h + 33*h**2 + 1 + h**2. Is 9 a factor of d(b)?
False
Let r(t) be the first derivative of 7*t**3/3 + 4*t**2 + 10*t - 110. Does 3 divide r(-4)?
True
Let k = -108 + 308. Let z = k - 74. Does 8 divide (z/35)/((-1)/(-20)) - -3?
False
Suppose 4*a = -16, -y + 8 - 10 = -a. Let g(q) = -3*q**2 - 14*q - 15. Let n(z) = -2*z**2 - 15*z - 14. Let o(s) = -5*g(s) + 4*n(s). Is 9 a factor of o(y)?
False
Let d = 13658 - 10138. Does 5 divide d?
True
Let v(y) = y**2 + 35*y + 100. Let p be (-202)/6 + 0 + 8/12. Does 17 divide v(p)?
True
Let d(w) be the first derivative of -41*w**4/4 - 4*w**3/3 - 3*w**2/2 + 9*w + 44. Is 33 a factor of d(-3)?
True
Suppose 2*v + i - 52 = -3*i, -4*i + 112 = 4*v. Does 11 divide (-4400)/(-10)*(-3)/(v/(-4))?
True
Suppose -3*w = -l + 76, -27 - 20 = 2*w + 3*l. Let o(f) = -f + 55. Is 59 a factor of o(w)?
False
Let o = 423 - 302. Let i = 224 - o. Suppose -b + 2*b = 2*r - i, 0 = -2*b - 10. Does 7 divide r?
True
Let b = -10696 + 22775. Is 38 a factor of b?
False
Suppose 0 = 142*d - 141*d + o - 869, 3451 = 4*d - o. Is 27 a factor of d?
True
Let x = 3862 + 6188. Does 134 divide x?
True
Suppose -3983*q + 3948*q + 1874705 = 0. Is q a multiple of 29?
True
Suppose -u - 483 - 1799 = -5*r, 4*r = 3*u + 6802. Let y = 3849 + u. Does 30 divide y?
False
Let t(d) = -12*d + 89. Let n = -215 - -204. Is 17 a factor of t(n)?
True
Let f = 1560 - 185. Is 11 a factor of f?
True
Suppose 1430*v + 20927 = 1435*v - 39513. Does 33 divide v?
False
Suppose 0 = -2*c + 5*b - 178 + 3728, 0 = c - 4*b - 1784. Does 55 divide c?
True
Suppose 4*v + 324 = 2*k, 16*k - 14*k + 3*v = 289. Is k a multiple of 19?
True
Suppose -48*i + 42*i = -612. Suppose -d = -4*v - i, -195 = 13*d - 15*d - v. Is 7 a factor of d?
True
Let g(f) = f**3 + 29*f**2 - 2*f + 25. Let q be g(-25). Suppose 0 = -4*a - 2*p + 2834, 0 = -3*a - 2*p + q - 451. Does 35 divide a?
False
Let o = 54204 + -32957. Is o a multiple of 7?
False
Let z(n) = n**2 - 34*n + 172. Let s be z(28). Suppose -3*j + s*j - 2059 = -3*v, 4*v - 2742 = 2*j. Is 19 a factor of v?
False
Does 72 divide 0 - (-1452060)/276 - 2/(-92)*-4?
False
Let s(w) = 3*w**2 + 10*w + 18. Let j(n) = 7*n**2 + 20*n + 36. Let l(o) = 4*j(o) - 9*s(o). Is 20 a factor of l(-20)?
False
Suppose 154 - 694 = -10*q. Suppose q*r - 57*r = -888. Is r a multiple of 21?
False
Let p(h) = 9*h + 35. Let g be p(-4). Is 15 a factor of (-2 - 1)*(5/g)/1?
True
Let v = 2 + 99. Suppose -2*u = v - 131. Does 2 divide u?
False
Suppose 41243 + 12421 = 13*b. Is 12 a factor of b?
True
Let h(i) be the first derivative of -9 - 12*i**2 - 29*i - 5*i + 14*i**2. Is h(14) a multiple of 10?
False
Let j(i) be the third derivative of -i**4/4 + 35*i**3/3 - i**2 + 42*i. Does 31 divide j(-15)?
False
Let u(g) = -58 + 100 - 23*g - 47. Suppose -2*p - 5*c - 6 = 0, 3 = 3*p - 4*p + 2*c. Is u(p) a multiple of 8?
True
Let w(n) = n - 16. Let t be w(11). Let g be 2/(-6) + (t - 74/(-6)). Does 26 divide 15/(-35) + 409/g?
False
Let f(p) = -p + 2. Suppose -12*i = -15*i - 15. Let t be f(i). Suppose t*y - 260 = 5*y. Does 26 divide y?
True
Suppose 3*a - 2478 = 5*w, -5*a + 4130 = -243*w + 248*w. Is 14 a factor of a?
True
Suppose 2*g - 11 = 15. Suppose -d = -59 - g. Is 18 a factor of d?
True
Suppose 224*s - 227*s + 25592 = -4*l, -2*s - l = -17054. Does 82 divide s?
True
Suppose -2*s - 5*l + 7900 = -4899, 0 = -4*s - 5*l + 25633. Is s a multiple of 31?
True
Let u(l) = -241*l - 2937. Does 18 divide u(-57)?
True
Suppose 0 = -4*y + i - 28, 5*y + 2*i = -16 - 6. Let x(r) = r**2 - 14*r + 56. Let t(d) = d**2 - 7*d + 34. Let f(p) = 5*t(p) - 3*x(p). Is f(y) a multiple of 4?
True
Let u = 6064 + -1472. Is u a multiple of 26?
False
Suppose 0 = 5*y - 5*i, 3*y - 8 = i - 0*i. Suppose 0 = -y*z + 1032 + 28. Does 20 divide z?
False
Suppose 384 = 12*f - 16*f. Does 47 divide -36*f/18 + -4?
True
Suppose m = 5*h - 935, 0 = -5*h - 519*m + 522*m + 945. Is h a multiple of 62?
True
Is (-4 - (-44)/8)*(-269572)/(-57) a multiple of 95?
False
Let z(j) = -j**3 + 40*j**2. Let y be z(40). Suppose 209*t - 203*t - 4554 = y. Does 15 divide t?
False
Suppose -25490 = -2*l + 2*b, 5*l - 15392 - 48319 = 3*b. Does 22 divide l?
True
Let l(a) = a**2 + 6*a + 16. Let z be l(-4). Suppose 0 = k + 6 - z. Suppose 122 = k*p + s - 0*s, 5*p + 4*s = 308. Is 10 a factor of p?
True
Let i(g) = 33*g + 200. Is i(25) a multiple of 26?
False
Let s(o) = -20*o**2 - 3*o - 2. Let z(q) = 102*q**2 + 16*q + 10. Let k(v) = -16*s(v) - 3*z(v). Is k(1) a multiple of 4?
True
Let j be 9/(-12)*-4 - 18. Let u be ((-54)/j + -4)*-5. Suppose -u*b + 185 + 289 = 0. Is b a multiple of 35?
False
Suppose 4*k = -5*g + 2*g + 16, 4*g = 16. Let t(y) = 8*y**2 + 2*y - 2. Let p be t(k). Let u(a) = 2*a**3 - 14*a**2 - 9*a - 4. Does 13 divide u(p)?
True
Is 230 a factor of 1/((-17)/(-2490670)*7)?
True
Let r(a) = 393*a + 50. Let w be r(13). Let p = w - 2343. Suppose -16*d = -5*d - p. Is 38 a factor of d?
False
Let c = 49 + -47. Suppose -c*h + 362 = 2*f, -4*h + 7*f - 3*f = -748. Suppose 4*p - 5*p + h = 3*g, 2*g - 4*p = 146. Is 21 a factor of g?
True
Suppose 0*o + 5*l - 38 = -2*o, -3*o = 3*l - 48. Let q be (-35)/o + (-1)/2 + 539. Is 23 a factor of ((-66)/(-4))/11*q/6?
False
Let m(b) = b**3 - b**2 - 11*b + 1. Let l be m(5). Let n = 39 - l. Let p(r) = -r**3 - 5*r**2 + 7*r - 17. Does 8 divide p(n)?
True
Let f be -8 + 3 + 2 + 5. Let l(r) = 395*r + 5. Let g be l(1). Suppose -q = 4*q - f*i - g, 0 = q - i - 80. Is 20 a factor of q?
True
Suppose 65*p + 1521625 = 38*p + 62*p. Is 37 a factor of p?
True
Suppose -1673 = -6*n + 121. Let t = -101 + n. Does 9 divide t?
True
Let m(c) = 9*c**3 + 6*c**2 - 32*c - 24. Is m(6) a multiple of 70?
False
Let h be 2/(-17) - (-7392)/119. Suppose -5*d - a = 413 + h, d - 4*a = -74. Let w = d - -230. Is 34 a factor of w?
True
Let c = -10029 + 21891. Is c a multiple of 24?
False
Suppose -i - 114 = -3*i. Let t(b) = i - 7*b - 3*b + 18*b - 7*b. Is t(-15) a multiple of 14?
True
Suppose 0 = 8*g - 23 + 7. Let i(r) = 265*r**2 + 15*r + 1. Is i(g) a multiple of 10?
False
Suppose -3*g + 4*a - 3522 = 0, -5*g + 23*a - 5902 = 27*a. Let p = -512 - g. Is 39 a factor of p?
False
Suppose 3*f - 2*q = -43 + 16, -5*f - 3*q - 26 = 0. Let y = -117 - -82. Let k = f - y. Does 7 divide k?
True
Let p = 3738 - -2097. Is 14 a factor of p?
False
Let a(k) = -k**3 - 10*k**2 + 45*k + 16. Suppose -2*r = -3*q + 4*q + 37, r + 2*q + 26 = 0. Is a(r) a multiple of 32?
True
Let a(s) = 2*s + 1392. Is a(-27) a multiple of 5?
False
Let j(n) = 119*n**3 - 2*n - 1. Let r(x) = 476*x**3 + x**2 - 9*x - 5. Let v(b) = -9*j(b) + 2*r(b). Is 20 a factor of v(-1)?
True
Let v(m) = -m**2 + 17*m + 2. Suppose -l + 75 = 4*l. Let f be v(l). Suppose 4*g - 480 = -f. Is 28 a factor of g?
True
Suppose 36*a - 39*a + 9 = 0. Let s(j) = 7*j**2 - 4*j. Does 40 divide s(a)?
False
Does 8 divide (-2911 - (-1 - 6))*4/(-6)?
True
Let n(b) = -b - 2*b + 6*b + 70. Is 51 a factor of n(30)?
False
Let h(j) = 16*j**2 + 83*j + 53. Does 42 divide h(13)?
False
Suppose -n + 4385 = -5*m + 396, m = -n + 3947. Is n a multiple of 8?
False
Let q(h) = 3*h**2 - 62*h + 307. Let b be q(13). Let t(z) be the first derivative of z**3/3 + 3*z**2/2 - 12*z - 1. Does 19 divide t(b)?
True
Let i(f) = 37*f + 3 + 0 + 1 - 7. Does 16 divide i(7)?
True
Let l(f) = -2*f**3 - f**2 + 8*f + 10. Let c be (-567)/117 + (-2)/13. Is l(c) a multiple of 5?
True
Let t = -43947 - -86787. Does 120 divide t?
True
Let n = 448 - 816. Let z = -194 - n. Is z a multiple of 58?
True
Let i(l) = -32*l - 26. Suppose 0 = 9*s - 72 + 162. Is i(s) a multiple of 18?
False
Suppose -88 = -2*m + 2*y - 7*y, 33 = m - 3*y. Suppose m*v + 710 - 2387 = 0. Is v a multiple of 15?
False
Suppose 606*i = 622*i - 511 - 1169. Let m = -103 - -262. Suppose m*v = 154*v + i. Does 4 divide v?
False
Let l be ((-14)/6 - (15 - 17)) + 470/(-3). Suppose 2*t = -5*a + 1389, -a + 0*t + 267 = -5*t. Let x = a + l. Is x a multiple of 8?
True
Suppose 4*b - 25740 = 30*b. Is 31 a factor of -7 - -11 - (1 + b - -1)?
True
Let f = -392 + 403. Suppose -4190 + 560 = -f*h. Is h a multiple of 5?
True
Let y(m) = -m**2 - 23*m + 53. Let l be y(-25). Suppose l*w = -3*o + 39, -w + 2*o + 70 = 3*w. Suppose -5*b + 96 = -3*u + w, -37 = -4*b - 3*u. Is 2 a factor of b?
False
Suppose -3*i + 23455 = b, -107883 = -4*b - 3*i - 14126. Is b a m